{"id":923,"date":"2020-11-17T11:14:50","date_gmt":"2020-11-17T10:14:50","guid":{"rendered":"https:\/\/www.werendijke.nl\/wordpressde\/?page_id=923"},"modified":"2025-06-11T14:54:11","modified_gmt":"2025-06-11T12:54:11","slug":"allgemeine-bedingungen-campingplatz-werendijke","status":"publish","type":"page","link":"https:\/\/www.werendijke.nl\/wordpressde\/allgemeine-bedingungen-campingplatz-werendijke\/","title":{"rendered":"Allgemeine Bedingungen Campingplatz Werendijke"},"content":{"rendered":"<ul>\n<li><span style=\"font-size: 17px; color: #000000;\">Es wird immer empfohlen, eine Reise- und Reiser\u00fccktrittsversicherung abzuschlie\u00dfen. Im Falle einer Stornierung gew\u00e4hrt Minicamping Werendijke keine R\u00fcckerstattung in Form von Geld\/Gutscheinen, noch kann die Buchung auf einen anderen Termin verschoben werden. Sie haben die M\u00f6glichkeit, Ihre Buchung bis zum ersten Zahlungstermin kostenlos zu stornieren.<\/span><\/li>\n<li><span style=\"font-size: 17px; color: #000000;\">Zwei Wochen nach Buchungsbest\u00e4tigung ist eine Anzahlung von 50% f\u00e4llig. Die Restzahlung erfolgt zwei Wochen vor Anreise. Bei Last-Minute-Buchungen muss der gesamte Betrag innerhalb von zwei Tagen bezahlt werden.<\/span><\/li>\n<li><span style=\"font-size: 17px; color: #000000;\">Minicamping Werendijke beh\u00e4lt sich das Recht vor, eine Anfrage abzulehnen.<\/span><\/li>\n<li><span style=\"font-size: 17px; color: #000000;\">Zum Schutz des Bodens und des Grases sind Vorzeltunterlagen aus Kunstoff sowie (Anti-) Wurzelplane oder Grundtuch bei uns nicht gestattet. Wir bitten stattdessen, Vorzeltunterlagen aus Gummi (Aerotex) zu verwenden.<\/span><\/li>\n<li><span style=\"font-size: 17px; color: #000000;\">Der Check-In ist zwischen 13:00 Uhr und 17:00 Uhr m\u00f6glich. Sie k\u00f6nnen bei fr\u00fchzeitiger R\u00fccksprache sp\u00e4ter anreisen. Der Check-Out erfolgt bis sp\u00e4testens 11:00 Uhr. Tagesnutzung der Einrichtungen ist in Absprache m\u00f6glich.<\/span><\/li>\n<li><span style=\"font-size: 17px; color: #000000;\">Minicamping Werendijke verarbeitet Ihre personenbezogenen Daten gem\u00e4\u00df den Richtlinien und gesetzlichen Bestimmungen der DSGVO. Weitere Informationen finden Sie in unserer <\/span><a style=\"font-size: 17px;\" title=\"Campingplatz | Zoutelande, Zeeland | Werendijke | Klostergarten - Datenschutz\" href=\"https:\/\/www.werendijke.nl\/wordpressde\/datenschutz-vereinbarung-campingplatz-werendijke\/\">Datenschutzerkl\u00e4rung<\/a><span style=\"color: #000000; font-size: 17px;\">.<\/span><\/li>\n<li><span style=\"font-size: 17px; color: #000000;\">Achtung: unsere E-Mail kann in Ihrem Spam-Ordner landen. Bitte \u00fcberpr\u00fcfen Sie diesen Ordner, bevor Sie uns telefonisch kontaktieren<\/span><\/li>\n<\/ul>\n","protected":false},"excerpt":{"rendered":"<p>Es wird immer empfohlen, eine Reise- und Reiser\u00fccktrittsversicherung abzuschlie\u00dfen. Im Falle einer Stornierung gew\u00e4hrt Minicamping Werendijke keine R\u00fcckerstattung in Form von Geld\/Gutscheinen, noch kann die Buchung auf einen anderen Termin verschoben werden. Sie haben die M\u00f6glichkeit, Ihre Buchung bis zum ersten Zahlungstermin kostenlos zu stornieren. Zwei Wochen nach Buchungsbest\u00e4tigung ist eine Anzahlung von 50% f\u00e4llig. Die Restzahlung erfolgt zwei Wochen vor Anreise. Bei Last-Minute-Buchungen muss der gesamte Betrag innerhalb von&hellip; <\/p>\n","protected":false},"author":2,"featured_media":0,"parent":0,"menu_order":0,"comment_status":"closed","ping_status":"closed","template":"","meta":{"ngg_post_thumbnail":0,"footnotes":""},"class_list":["post-923","page","type-page","status-publish","hentry"],"yoast_head":"<!-- This site is optimized with the Yoast SEO plugin v27.4 - https:\/\/yoast.com\/product\/yoast-seo-wordpress\/ -->\n<title>Allgemeine Bedingungen Campingplatz Werendijke - Mini-Campingplatz | Zoutelande, Zeeland | Werendijke<\/title>\n<meta name=\"robots\" content=\"index, follow, max-snippet:-1, max-image-preview:large, max-video-preview:-1\" \/>\n<link rel=\"canonical\" href=\"https:\/\/www.werendijke.nl\/wordpressde\/allgemeine-bedingungen-campingplatz-werendijke\/\" \/>\n<meta property=\"og:locale\" content=\"nl_NL\" \/>\n<meta property=\"og:type\" content=\"article\" \/>\n<meta property=\"og:title\" content=\"Allgemeine Bedingungen Campingplatz Werendijke - Mini-Campingplatz | Zoutelande, Zeeland | Werendijke\" \/>\n<meta property=\"og:description\" content=\"Es wird immer empfohlen, eine Reise- und Reiser\u00fccktrittsversicherung abzuschlie\u00dfen. Im Falle einer Stornierung gew\u00e4hrt Minicamping Werendijke keine R\u00fcckerstattung in Form von Geld\/Gutscheinen, noch kann die Buchung auf einen anderen Termin verschoben werden. Sie haben die M\u00f6glichkeit, Ihre Buchung bis zum ersten Zahlungstermin kostenlos zu stornieren. Zwei Wochen nach Buchungsbest\u00e4tigung ist eine Anzahlung von 50% f\u00e4llig. Die Restzahlung erfolgt zwei Wochen vor Anreise. Bei Last-Minute-Buchungen muss der gesamte Betrag innerhalb von&hellip;\" \/>\n<meta property=\"og:url\" content=\"https:\/\/www.werendijke.nl\/wordpressde\/allgemeine-bedingungen-campingplatz-werendijke\/\" \/>\n<meta property=\"og:site_name\" content=\"Mini-Campingplatz | Zoutelande, Zeeland | Werendijke\" \/>\n<meta property=\"article:modified_time\" content=\"2025-06-11T12:54:11+00:00\" \/>\n<meta name=\"twitter:card\" content=\"summary_large_image\" \/>\n<script type=\"application\/ld+json\" class=\"yoast-schema-graph\">{\"@context\":\"https:\\\/\\\/schema.org\",\"@graph\":[{\"@type\":\"WebPage\",\"@id\":\"https:\\\/\\\/www.werendijke.nl\\\/wordpressde\\\/allgemeine-bedingungen-campingplatz-werendijke\\\/\",\"url\":\"https:\\\/\\\/www.werendijke.nl\\\/wordpressde\\\/allgemeine-bedingungen-campingplatz-werendijke\\\/\",\"name\":\"Allgemeine Bedingungen Campingplatz Werendijke - Mini-Campingplatz | Zoutelande, Zeeland | Werendijke\",\"isPartOf\":{\"@id\":\"https:\\\/\\\/www.werendijke.nl\\\/wordpressde\\\/#website\"},\"datePublished\":\"2020-11-17T10:14:50+00:00\",\"dateModified\":\"2025-06-11T12:54:11+00:00\",\"breadcrumb\":{\"@id\":\"https:\\\/\\\/www.werendijke.nl\\\/wordpressde\\\/allgemeine-bedingungen-campingplatz-werendijke\\\/#breadcrumb\"},\"inLanguage\":\"nl-NL\",\"potentialAction\":[{\"@type\":\"ReadAction\",\"target\":[\"https:\\\/\\\/www.werendijke.nl\\\/wordpressde\\\/allgemeine-bedingungen-campingplatz-werendijke\\\/\"]}]},{\"@type\":\"BreadcrumbList\",\"@id\":\"https:\\\/\\\/www.werendijke.nl\\\/wordpressde\\\/allgemeine-bedingungen-campingplatz-werendijke\\\/#breadcrumb\",\"itemListElement\":[{\"@type\":\"ListItem\",\"position\":1,\"name\":\"Home\",\"item\":\"https:\\\/\\\/www.werendijke.nl\\\/wordpressde\\\/\"},{\"@type\":\"ListItem\",\"position\":2,\"name\":\"Allgemeine Bedingungen Campingplatz Werendijke\"}]},{\"@type\":\"WebSite\",\"@id\":\"https:\\\/\\\/www.werendijke.nl\\\/wordpressde\\\/#website\",\"url\":\"https:\\\/\\\/www.werendijke.nl\\\/wordpressde\\\/\",\"name\":\"Mini-Campingplatz | Zoutelande, Zeeland | Werendijke\",\"description\":\"Mini-Campingplatz | Zoutelande, Zeeland | Werendijke\",\"publisher\":{\"@id\":\"https:\\\/\\\/www.werendijke.nl\\\/wordpressde\\\/#organization\"},\"potentialAction\":[{\"@type\":\"SearchAction\",\"target\":{\"@type\":\"EntryPoint\",\"urlTemplate\":\"https:\\\/\\\/www.werendijke.nl\\\/wordpressde\\\/?s={search_term_string}\"},\"query-input\":{\"@type\":\"PropertyValueSpecification\",\"valueRequired\":true,\"valueName\":\"search_term_string\"}}],\"inLanguage\":\"nl-NL\"},{\"@type\":\"Organization\",\"@id\":\"https:\\\/\\\/www.werendijke.nl\\\/wordpressde\\\/#organization\",\"name\":\"Campingplatz Werendijke\",\"url\":\"https:\\\/\\\/www.werendijke.nl\\\/wordpressde\\\/\",\"logo\":{\"@type\":\"ImageObject\",\"inLanguage\":\"nl-NL\",\"@id\":\"https:\\\/\\\/www.werendijke.nl\\\/wordpressde\\\/#\\\/schema\\\/logo\\\/image\\\/\",\"url\":\"https:\\\/\\\/www.werendijke.nl\\\/wordpressde\\\/wp-content\\\/uploads\\\/logo_met-tekst_klein.jpg\",\"contentUrl\":\"https:\\\/\\\/www.werendijke.nl\\\/wordpressde\\\/wp-content\\\/uploads\\\/logo_met-tekst_klein.jpg\",\"width\":135,\"height\":135,\"caption\":\"Campingplatz Werendijke\"},\"image\":{\"@id\":\"https:\\\/\\\/www.werendijke.nl\\\/wordpressde\\\/#\\\/schema\\\/logo\\\/image\\\/\"}}]}<\/script>\n<!-- \/ Yoast SEO plugin. -->","yoast_head_json":{"title":"Allgemeine Bedingungen Campingplatz Werendijke - Mini-Campingplatz | Zoutelande, Zeeland | Werendijke","robots":{"index":"index","follow":"follow","max-snippet":"max-snippet:-1","max-image-preview":"max-image-preview:large","max-video-preview":"max-video-preview:-1"},"canonical":"https:\/\/www.werendijke.nl\/wordpressde\/allgemeine-bedingungen-campingplatz-werendijke\/","og_locale":"nl_NL","og_type":"article","og_title":"Allgemeine Bedingungen Campingplatz Werendijke - Mini-Campingplatz | Zoutelande, Zeeland | Werendijke","og_description":"Es wird immer empfohlen, eine Reise- und Reiser\u00fccktrittsversicherung abzuschlie\u00dfen. Im Falle einer Stornierung gew\u00e4hrt Minicamping Werendijke keine R\u00fcckerstattung in Form von Geld\/Gutscheinen, noch kann die Buchung auf einen anderen Termin verschoben werden. Sie haben die M\u00f6glichkeit, Ihre Buchung bis zum ersten Zahlungstermin kostenlos zu stornieren. Zwei Wochen nach Buchungsbest\u00e4tigung ist eine Anzahlung von 50% f\u00e4llig. Die Restzahlung erfolgt zwei Wochen vor Anreise. Bei Last-Minute-Buchungen muss der gesamte Betrag innerhalb von&hellip;","og_url":"https:\/\/www.werendijke.nl\/wordpressde\/allgemeine-bedingungen-campingplatz-werendijke\/","og_site_name":"Mini-Campingplatz | Zoutelande, Zeeland | Werendijke","article_modified_time":"2025-06-11T12:54:11+00:00","twitter_card":"summary_large_image","schema":{"@context":"https:\/\/schema.org","@graph":[{"@type":"WebPage","@id":"https:\/\/www.werendijke.nl\/wordpressde\/allgemeine-bedingungen-campingplatz-werendijke\/","url":"https:\/\/www.werendijke.nl\/wordpressde\/allgemeine-bedingungen-campingplatz-werendijke\/","name":"Allgemeine Bedingungen Campingplatz Werendijke - Mini-Campingplatz | Zoutelande, Zeeland | Werendijke","isPartOf":{"@id":"https:\/\/www.werendijke.nl\/wordpressde\/#website"},"datePublished":"2020-11-17T10:14:50+00:00","dateModified":"2025-06-11T12:54:11+00:00","breadcrumb":{"@id":"https:\/\/www.werendijke.nl\/wordpressde\/allgemeine-bedingungen-campingplatz-werendijke\/#breadcrumb"},"inLanguage":"nl-NL","potentialAction":[{"@type":"ReadAction","target":["https:\/\/www.werendijke.nl\/wordpressde\/allgemeine-bedingungen-campingplatz-werendijke\/"]}]},{"@type":"BreadcrumbList","@id":"https:\/\/www.werendijke.nl\/wordpressde\/allgemeine-bedingungen-campingplatz-werendijke\/#breadcrumb","itemListElement":[{"@type":"ListItem","position":1,"name":"Home","item":"https:\/\/www.werendijke.nl\/wordpressde\/"},{"@type":"ListItem","position":2,"name":"Allgemeine Bedingungen Campingplatz Werendijke"}]},{"@type":"WebSite","@id":"https:\/\/www.werendijke.nl\/wordpressde\/#website","url":"https:\/\/www.werendijke.nl\/wordpressde\/","name":"Mini-Campingplatz | Zoutelande, Zeeland | Werendijke","description":"Mini-Campingplatz | Zoutelande, Zeeland | Werendijke","publisher":{"@id":"https:\/\/www.werendijke.nl\/wordpressde\/#organization"},"potentialAction":[{"@type":"SearchAction","target":{"@type":"EntryPoint","urlTemplate":"https:\/\/www.werendijke.nl\/wordpressde\/?s={search_term_string}"},"query-input":{"@type":"PropertyValueSpecification","valueRequired":true,"valueName":"search_term_string"}}],"inLanguage":"nl-NL"},{"@type":"Organization","@id":"https:\/\/www.werendijke.nl\/wordpressde\/#organization","name":"Campingplatz Werendijke","url":"https:\/\/www.werendijke.nl\/wordpressde\/","logo":{"@type":"ImageObject","inLanguage":"nl-NL","@id":"https:\/\/www.werendijke.nl\/wordpressde\/#\/schema\/logo\/image\/","url":"https:\/\/www.werendijke.nl\/wordpressde\/wp-content\/uploads\/logo_met-tekst_klein.jpg","contentUrl":"https:\/\/www.werendijke.nl\/wordpressde\/wp-content\/uploads\/logo_met-tekst_klein.jpg","width":135,"height":135,"caption":"Campingplatz Werendijke"},"image":{"@id":"https:\/\/www.werendijke.nl\/wordpressde\/#\/schema\/logo\/image\/"}}]}},"_links":{"self":[{"href":"https:\/\/www.werendijke.nl\/wordpressde\/wp-json\/wp\/v2\/pages\/923","targetHints":{"allow":["GET"]}}],"collection":[{"href":"https:\/\/www.werendijke.nl\/wordpressde\/wp-json\/wp\/v2\/pages"}],"about":[{"href":"https:\/\/www.werendijke.nl\/wordpressde\/wp-json\/wp\/v2\/types\/page"}],"author":[{"embeddable":true,"href":"https:\/\/www.werendijke.nl\/wordpressde\/wp-json\/wp\/v2\/users\/2"}],"replies":[{"embeddable":true,"href":"https:\/\/www.werendijke.nl\/wordpressde\/wp-json\/wp\/v2\/comments?post=923"}],"version-history":[{"count":15,"href":"https:\/\/www.werendijke.nl\/wordpressde\/wp-json\/wp\/v2\/pages\/923\/revisions"}],"predecessor-version":[{"id":1255,"href":"https:\/\/www.werendijke.nl\/wordpressde\/wp-json\/wp\/v2\/pages\/923\/revisions\/1255"}],"wp:attachment":[{"href":"https:\/\/www.werendijke.nl\/wordpressde\/wp-json\/wp\/v2\/media?parent=923"}],"curies":[{"name":"wp","href":"https:\/\/api.w.org\/{rel}","templated":true}]}}